{"id":312,"date":"2021-01-29T21:52:45","date_gmt":"2021-01-29T20:52:45","guid":{"rendered":"http:\/\/ca2e-sport.com\/?page_id=312"},"modified":"2021-04-14T13:06:06","modified_gmt":"2021-04-14T11:06:06","slug":"ca2e-sport","status":"publish","type":"page","link":"https:\/\/ca2e-sport.com\/index.php\/ca2e-sport\/","title":{"rendered":"CA2E-Sport"},"content":{"rendered":"\t\t<div data-elementor-type=\"wp-page\" data-elementor-id=\"312\" class=\"elementor elementor-312\" data-elementor-settings=\"[]\">\n\t\t\t\t\t\t\t<div class=\"elementor-section-wrap\">\n\t\t\t\t\t\t\t<section class=\"elementor-section elementor-top-section elementor-element elementor-element-9c49aa9 elementor-section-boxed elementor-section-height-default elementor-section-height-default\" data-id=\"9c49aa9\" data-element_type=\"section\">\n\t\t\t\t\t\t<div class=\"elementor-container elementor-column-gap-default\">\n\t\t\t\t\t<div class=\"elementor-column elementor-col-100 elementor-top-column elementor-element elementor-element-ed221ac\" data-id=\"ed221ac\" data-element_type=\"column\">\n\t\t\t<div class=\"elementor-widget-wrap elementor-element-populated\">\n\t\t\t\t\t\t\t\t<div class=\"elementor-element elementor-element-9d0b128 elementor-widget elementor-widget-text-editor\" data-id=\"9d0b128\" data-element_type=\"widget\" data-widget_type=\"text-editor.default\">\n\t\t\t\t<div class=\"elementor-widget-container\">\n\t\t\t\t\t<div class=\"elementor-text-editor elementor-clearfix\"><!DOCTYPE html>\n<html>\n<title>sport<\/title>\n<meta charset=\"UTF-8\">\n<meta name=\"viewport\" content=\"width=device-width, initial-scale=1\">\n<link rel=\"stylesheet\" href=\"https:\/\/www.w3schools.com\/w3css\/4\/w3.css\">\n<link rel=\"stylesheet\" href=\"https:\/\/fonts.googleapis.com\/css?family=Lato\">\n<link rel=\"stylesheet\" href=\"https:\/\/cdnjs.cloudflare.com\/ajax\/libs\/font-awesome\/4.7.0\/css\/font-awesome.min.css\">\n<style>\nbody,h1,h2,h3,h4,h5,h6 {font-family: \"Lato\", sans-serif;}\nbody, html {\n  height: 100%;\n  color: #777;\n  line-height: 1.8;\n}\n\n\/* Create a Parallax Effect *\/\n.bgimg-1, .bgimg-2, .bgimg-3 {\n  background-attachment: fixed;\n  background-position: center;\n  background-repeat: no-repeat;\n  background-size: cover;\n}\n\n\/* First image (Logo. Full height) *\/\n.bgimg-1 {\n  background-image: url('https:\/\/ca2e-sport.com\/wp-content\/uploads\/2021\/01\/GV1.jpg');\n  min-height: 100%;\n}\n\n\/* Second image (Portfolio) *\/\n.bgimg-2 {\n  background-image: url(\"https:\/\/ca2e-sport.com\/wp-content\/uploads\/2021\/01\/MT.jpg\");\n  min-height: 400px;\n}\n\n\/* Third image (Contact) *\/\n.bgimg-3 {\n  background-image: url(\"https:\/\/ca2e-sport.com\/wp-content\/uploads\/2021\/01\/cd46b416-9738-45a1-998b-6cde58d9d70b.jpg\");\n  min-height: 400px;\n}\n\n.w3-wide {letter-spacing: 10px;}\n.w3-hover-opacity {cursor: pointer;}\n\n\/* Turn off parallax scrolling for tablets and phones *\/\n@media only screen and (max-device-width: 1600px) {\n  .bgimg-1, .bgimg-2, .bgimg-3 {\n    background-attachment: scroll;\n    min-height: 400px;\n  }\n}\n<\/style>\n<body>\n\n<!-- Navbar (sit on top) -->\n<div class=\"w3-top\">\n  <div class=\"w3-bar\" id=\"myNavbar\">\n    <a class=\"w3-bar-item w3-button w3-hover-black w3-hide-medium w3-hide-large w3-right\" href=\"javascript:void(0);\" onclick=\"toggleFunction()\" title=\"Toggle Navigation Menu\">\n      <i class=\"fa fa-bars\"><\/i>\n    <\/a>\n    <a href=\"#home\" class=\"w3-bar-item w3-button\"><\/a>\n    <a href=\"#about\" class=\"w3-bar-item w3-button w3-hide-small\"><i class=\"fa fa-user\"><\/i><\/a>\n    <a href=\"#portfolio\" class=\"w3-bar-item w3-button w3-hide-small\"><i class=\"fa fa-th\"><\/i><\/a>\n    <a href=\"#contact\" class=\"w3-bar-item w3-button w3-hide-small\"><i class=\"fa fa-envelope\"><\/i><\/a>\n    \n    <\/a>\n  <\/div>\n\n  <!-- Navbar on small screens -->\n  <div id=\"navDemo\" class=\"w3-bar-block w3-white w3-hide w3-hide-large w3-hide-medium\">\n    <a href=\"#about\" class=\"w3-bar-item w3-button\" onclick=\"toggleFunction()\"><\/a>\n    <a href=\"#portfolio\" class=\"w3-bar-item w3-button\" onclick=\"toggleFunction()\"><\/a>\n    <a href=\"#contact\" class=\"w3-bar-item w3-button\" onclick=\"toggleFunction()\"><\/a>\n    <a href=\"#\" class=\"w3-bar-item w3-button\"><\/a>\n  <\/div>\n<\/div>\n\n<!-- First Parallax Image with Logo Text -->\n<div class=\"bgimg-1 w3-display-container w3-opacity-min\" id=\"home\">\n  <div class=\"w3-display-middle\" style=\"white-space:nowrap;\">\n    <span class=\"\"><span class=\"w3-hide-small\"><\/span> <\/span>\n  <\/div>\n<\/div>\n\n<!-- Container (About Section) -->\n<div class=\"w3-content w3-container w3-padding-64\" id=\"about\">\n  <h3 class=\"w3-center\">CA2E-SPORT<\/h3>\n  <p class=\"w3-center\"><em><\/em><\/p>\n  <p> Le Centre Africain d\u2019Etude et d\u2019Expertise du sport (CA2E-Sport) se positionne simultan\u00e9ment comme Centre de formation, Cabinet d\u2019\u00e9tude et de Conseil.\n    Il dispose d\u2019une expertise sp\u00e9cifique dans le secteur du Sport-sant\u00e9, des loisirs sportifs et du sport de haut niveau.\n    CA2E-Sport intervient aupr\u00e8s des associations, des collectivit\u00e9s et plus largement des entreprises et organisations.\n     <\/p>\n  <div class=\"w3-row\">\n    <div class=\"w3-col m6 w3-center w3-padding-large\">\n      <p><b><i class=\"fas fa-skating w3-margin-right\"><\/i>CA2E-Sport <\/b><\/p><br>\n      <img loading=\"lazy\" src=\"https:\/\/ca2e-sport.com\/wp-content\/uploads\/2021\/01\/website_logo_solid_background.png\" class=\"w3-round w3-image w3-opacity w3-hover-opacity-off\" alt=\"Notre Logo\" width=\"400\" height=\"250\"><br>\n      <img loading=\"lazy\" src=\"https:\/\/ca2e-sport.com\/wp-content\/uploads\/2021\/01\/aq4.jpg\" class=\"w3-round w3-image w3-opacity w3-hover-opacity-off\" alt=\"Notre Logo\" width=\"400\" height=\"250\">\n    <\/div>\n\n    <!-- Hide this text on small devices -->\n    <div class=\"w3-col m6 w3-hide-small w3-padding-large\">\n      <div><h5>Missions<\/h5>\n        <p><p>CA2E-Sport accompagne l\u2019ensemble de ses partenaires et d\u00e9cideurs du sport que sont :<\/p>\n        &#8211;\tLes Clubs professionnels et amateurs<br>\n\n&#8211; Les Ligues, F\u00e9d\u00e9rations et comit\u00e9s d\u2019organisation<br>\n&#8211; Les collectivit\u00e9s territoriales <br>\n\n &#8211; Les  Acteurs publics  <br>\n &#8211; Les  Porteurs de projets sportifs.  <br>\n\n<p>CA2E-Sport r\u00e9alise des missions de conseil, des \u00e9tudes, des enqu\u00eates, puis accompagne ses partenaires dans la d\u00e9finition, le d\u00e9ploiement et la valorisation de leur strat\u00e9gie dans le sport.\nCA2E-Sport est \u00e9galement sp\u00e9cialis\u00e9 dans l\u2019accompagnement et le management de carri\u00e8re des sportifs.<\/p>\n<\/p>\n        <\/div>\n        <div><h5>L\u2019Equipe<\/h5>\n            <p>Le Centre Africain d\u2019Etude et d\u2019Expertise du sport (CA2E-Sport) s\u2019est constitu\u00e9\n               avec des personnes qui occupent des fonctions diversifi\u00e9es : universitaires, dirigeants\n                associatifs, entra\u00eeneurs, athl\u00e8tes, chercheurs, coachs sportifs, formateurs en Sciences et \n                techniques de l\u2019activit\u00e9 physique et sportive (STAPS)\u2026\n            <\/p>\n            <p>CA2E Sport, c&#8217;est une \u00e9quipe p\u00e9dagogique compos\u00e9e de professionnels dipl\u00f4m\u00e9s,\n               ayant tous une expertise de terrain dans leur champ d&#8217;intervention.\n            <\/p>\n        <\/div>\n        \n    <\/div>\n  <\/div>\n  <p class=\"w3-large w3-center w3-padding-16\">Nos Valeurs:<\/p>\n  <p class=\"w3-wide\"><i class=\"\"><\/i>FIABILITE<\/p>\n  <div class=\"w3-light-grey\">\n    <div class=\"w3-container w3-padding-small w3-blue-grey w3-center\" style=\"width:100%\">100%<\/div>\n  <\/div>\n  <p class=\"w3-wide\"><i class=\"\"><\/i>FLEXIBILITE<\/p>\n  <div class=\"w3-light-grey\">\n    <div class=\"w3-container w3-padding-small w3-blue-grey w3-center\" style=\"width:98%\">98%<\/div>\n  <\/div>\n  <p class=\"w3-wide\"><i class=\"\"><\/i>INNOVATION<\/p>\n  <div class=\"w3-light-grey\">\n    <div class=\"w3-container w3-padding-small w3-blue-grey w3-center\" style=\"width:96%\">96%<\/div>\n  <\/div>\n<\/div>\n\n<div class=\"w3-row w3-center w3-blue-grey w3-padding-16\">\n  <div class=\"w3-quarter w3-section\">\n    <span class=\"w3-xlarge\"><\/span><br>\n    Partnaires\n  <\/div>\n  <div class=\"w3-quarter w3-section\">\n    <span class=\"w3-xlarge\"><\/span><br>\n    Clients\n  <\/div>\n  <div class=\"w3-quarter w3-section\">\n    <span class=\"w3-xlarge\"><\/span><br>\n    Exp\u00e9rience\n  <\/div>\n  <div class=\"w3-quarter w3-section\">\n    <span class=\"w3-xlarge\"><\/span><br>\n    Membres d&#8217;Equipe\n  <\/div>\n<\/div>\n\n<!-- Second Parallax Image with Portfolio Text -->\n<div class=\"bgimg-2 w3-display-container w3-opacity-min\">\n  <div class=\"w3-display-middle\">\n    <span class=\"w3-xxlarge w3-hover-text-blue w3-wide\">SERVICES<\/span>\n  <\/div>\n<\/div>\n\n<!-- Container (Portfolio Section) -->\n<div class=\"w3-content w3-container w3-padding-64\" id=\"portfolio\">\n  <h3 class=\"w3-center\"> SERVICES<\/h3>\n  <p class=\"w3-center\"><em><p>CA2E-Sport propose des parcours de formation mixte (pr\u00e9sentiel\/ \u00e0 distance) sur ses formations dipl\u00f4mantes ainsi que sur ses formations continues. <br>\nCA2E-Sport se positionne dans la r\u00e9alisation d\u2019\u00e9tudes de march\u00e9 et d\u2019\u00e9tudes d\u2019impact des strat\u00e9gies d\u00e9ploy\u00e9es par les partenaires.\n  <\/p>\n    \n<p>CA2E-Sport met \u00e0 la disposition de ses partenaires son expertise  dans diff\u00e9rents domaines du sport (haut niveau, sport professionnel, \u00e9quipements, \u00e9v\u00e9nements\u2026) et li\u00e9s au sport (innovation, marketing territorial, tourisme, sant\u00e9\u2026).<\/p>\n<p>Cabinet de conseil expert d\u00e9di\u00e9 aux acteurs du monde du sport, CA2E-Sport accompagne\n   ses clients, publics comme priv\u00e9s, dans  la d\u00e9finition et la mise en \u0153uvre de leurs strat\u00e9gies.<\/p>\n    <\/em><\/p><br>\n\n  <!-- Responsive Grid. Four columns on tablets, laptops and desktops. Will stack on mobile devices\/small screens (100% width) -->\n  <div class=\"w3-row-padding w3-center\">\n    <div class=\"w3-col m3\">\n      <img src=\"https:\/\/ca2e-sport.com\/wp-content\/uploads\/2021\/01\/s1.jpg\" style=\"width:100%\" onclick=\"onClick(this)\" class=\"w3-hover-opacity\" alt=\"Sport Collectif\">\n    <\/div>\n\n    <div class=\"w3-col m3\">\n      <img src=\"https:\/\/ca2e-sport.com\/wp-content\/uploads\/2021\/01\/aq2-1.jpg\" style=\"width:100%\" onclick=\"onClick(this)\" class=\"w3-hover-opacity\" alt=\"\u2022\tPr\u00e9paration physique\">\n    <\/div>\n\n    <div class=\"w3-col m3\">\n      <img src=\"https:\/\/ca2e-sport.com\/wp-content\/uploads\/2021\/02\/IMG_4-3.jpg\" style=\"width:100%\" onclick=\"onClick(this)\" class=\"w3-hover-opacity\" alt=\"formation \u00e0 distance\">\n    <\/div>\n\n    <div class=\"w3-col m3\">\n      <img src=\"https:\/\/ca2e-sport.com\/wp-content\/uploads\/2021\/02\/IMG_20210205_125019-1.jpg\" style=\"width:100%\" onclick=\"onClick(this)\" class=\"w3-hover-opacity\" alt=\"Conseil\">\n    <\/div>\n  <\/div>\n\n  <div class=\"w3-row-padding w3-center w3-section\">\n    <div class=\"w3-col m3\">\n      <img src=\"https:\/\/ca2e-sport.com\/wp-content\/uploads\/2021\/03\/imgserv.png\" style=\"width:100%\" onclick=\"onClick(this)\" class=\"w3-hover-opacity\" alt=\"Etude\">\n    <\/div>\n\n    <div class=\"w3-col m3\">\n      <img src=\"https:\/\/ca2e-sport.com\/wp-content\/uploads\/2021\/01\/s6.jpg\" style=\"width:100%\" onclick=\"onClick(this)\" class=\"w3-hover-opacity\" alt=\"D\u00e9veloppement de la vitesse\">\n    <\/div>\n\n    <div class=\"w3-col m3\">\n      <img src=\"https:\/\/ca2e-sport.com\/wp-content\/uploads\/2021\/01\/s7.jpg\" style=\"width:100%\" onclick=\"onClick(this)\" class=\"w3-hover-opacity\" alt=\"Monitorat de fitness \">\n    <\/div>\n\n    <div class=\"w3-col m3\">\n      <img src=\"https:\/\/ca2e-sport.com\/wp-content\/uploads\/2021\/01\/s8.jpg\" style=\"width:100%\" onclick=\"onClick(this)\" class=\"w3-hover-opacity\" alt=\"Armatiaux\">\n    <\/div>\n    \n  <\/div>\n<\/div>\n\n<!-- Modal for full size images on click-->\n<div id=\"modal01\" class=\"w3-modal w3-black\" onclick=\"this.style.display='none'\">\n  <span class=\"w3-button w3-large w3-black w3-display-topright\" title=\"Close Modal Image\"><i class=\"fa fa-remove\"><\/i><\/span>\n  <div class=\"w3-modal-content w3-animate-zoom w3-center w3-transparent w3-padding-64\">\n    <img id=\"img01\" class=\"w3-image\">\n    <p id=\"caption\" class=\"w3-opacity w3-large\"><\/p>\n  <\/div>\n<\/div>\n\n<!-- Third Parallax Image with Portfolio Text -->\n<div class=\"bgimg-3 w3-display-container w3-opacity-min\">\n  <div class=\"w3-display-middle\">\n     <span class=\"w3-xxlarge w3-text-white w3-wide\">CONTACT<\/span>\n  <\/div>\n<\/div>\n\n<!-- Container (Contact Section) -->\n<div class=\"w3-content w3-container w3-padding-64\" id=\"contact\">\n  <h3 class=\"w3-center\">Contactez notre Centre<\/h3>\n  <p class=\"w3-center\"><em>Venez profitez de nos offres!<\/em><\/p>\n\n  <div class=\"w3-row w3-padding-32 w3-section\">\n    <div class=\"w3-col m4 w3-container\">\n      <img src=\"https:\/\/ca2e-sport.com\/wp-content\/uploads\/2021\/02\/IMG_20210130_103053-scaled.jpg\" class=\"w3-image w3-round\" style=\"width:100%\">\n    <\/div>\n    <div class=\"w3-col m8 w3-panel\">\n      <div class=\"w3-large w3-margin-bottom\">\n        <i class=\"fa fa-map-marker fa-fw w3-hover-text-black w3-xlarge w3-margin-right\"><\/i>M\u00e9dina, Dakar, Senegal<br>\n        <i class=\"fa fa-phone fa-fw w3-hover-text-black w3-xlarge w3-margin-right\"><\/i> Phone: +221 76 889 30 13 &#8211; 78 277 99 65<br>\n        <i class=\"fa fa-envelope fa-fw w3-hover-text-black w3-xlarge w3-margin-right\"><\/i> Email: contact@ca2e-sport.com<br>\n      <\/div>\n      \n    <\/div>\n  <\/div>\n<\/div>\n\n<!-- Footer -->\n\n \n<script>\n\/\/ Modal Image Gallery\nfunction onClick(element) {\n  document.getElementById(\"img01\").src = element.src;\n  document.getElementById(\"modal01\").style.display = \"block\";\n  var captionText = document.getElementById(\"caption\");\n  captionText.innerHTML = element.alt;\n}\n\n\/\/ Change style of navbar on scroll\nwindow.onscroll = function() {myFunction()};\nfunction myFunction() {\n    var navbar = document.getElementById(\"myNavbar\");\n    if (document.body.scrollTop > 100 || document.documentElement.scrollTop > 100) {\n        navbar.className = \"w3-bar\" + \" w3-card\" + \" w3-animate-top\" + \" w3-white\";\n    } else {\n        navbar.className = navbar.className.replace(\" w3-card w3-animate-top w3-white\", \"\");\n    }\n}\n\n\/\/ Used to toggle the menu on small screens when clicking on the menu button\nfunction toggleFunction() {\n    var x = document.getElementById(\"navDemo\");\n    if (x.className.indexOf(\"w3-show\") == -1) {\n        x.className += \" w3-show\";\n    } else {\n        x.className = x.className.replace(\" w3-show\", \"\");\n    }\n}\n<\/script>\n\n<\/body>\n<\/html>\n\n<\/div>\n\t\t\t\t<\/div>\n\t\t\t\t<\/div>\n\t\t\t\t\t<\/div>\n\t\t<\/div>\n\t\t\t\t\t\t\t<\/div>\n\t\t<\/section>\n\t\t\t\t\t\t<\/div>\n\t\t\t\t\t<\/div>\n\t\t","protected":false},"excerpt":{"rendered":"<p>sport CA2E-SPORT Le Centre Africain d\u2019Etude et d\u2019Expertise du sport (CA2E-Sport) se positionne simultan\u00e9ment comme Centre de formation, Cabinet d\u2019\u00e9tude et de Conseil. Il dispose d\u2019une expertise sp\u00e9cifique dans le secteur du Sport-sant\u00e9, des loisirs sportifs et du sport de haut niveau. CA2E-Sport intervient aupr\u00e8s des associations, des collectivit\u00e9s et plus largement des entreprises et&nbsp;&hellip;<\/p>\n","protected":false},"author":1,"featured_media":0,"parent":0,"menu_order":0,"comment_status":"closed","ping_status":"closed","template":"elementor_header_footer","meta":[],"yoast_head":"<!-- This site is optimized with the Yoast SEO plugin v15.6.2 - https:\/\/yoast.com\/wordpress\/plugins\/seo\/ -->\n<title>CA2E-Sport - CA2E-SPORT<\/title>\n<meta name=\"robots\" content=\"index, follow, max-snippet:-1, max-image-preview:large, max-video-preview:-1\" \/>\n<link rel=\"canonical\" href=\"https:\/\/ca2e-sport.com\/index.php\/ca2e-sport\/\" \/>\n<meta property=\"og:locale\" content=\"fr_FR\" \/>\n<meta property=\"og:type\" content=\"article\" \/>\n<meta property=\"og:title\" content=\"CA2E-Sport - CA2E-SPORT\" \/>\n<meta property=\"og:description\" content=\"sport CA2E-SPORT Le Centre Africain d\u2019Etude et d\u2019Expertise du sport (CA2E-Sport) se positionne simultan\u00e9ment comme Centre de formation, Cabinet d\u2019\u00e9tude et de Conseil. Il dispose d\u2019une expertise sp\u00e9cifique dans le secteur du Sport-sant\u00e9, des loisirs sportifs et du sport de haut niveau. CA2E-Sport intervient aupr\u00e8s des associations, des collectivit\u00e9s et plus largement des entreprises et&nbsp;&hellip;\" \/>\n<meta property=\"og:url\" content=\"https:\/\/ca2e-sport.com\/index.php\/ca2e-sport\/\" \/>\n<meta property=\"og:site_name\" content=\"CA2E-SPORT\" \/>\n<meta property=\"article:modified_time\" content=\"2021-04-14T11:06:06+00:00\" \/>\n<meta property=\"og:image\" content=\"http:\/\/ca2e-sport.com\/wp-content\/uploads\/2021\/01\/website_logo_solid_background.png\" \/>\n<meta name=\"twitter:card\" content=\"summary_large_image\" \/>\n<meta name=\"twitter:label1\" content=\"Dur\u00e9e de lecture est.\">\n\t<meta name=\"twitter:data1\" content=\"5 minutes\">\n<script type=\"application\/ld+json\" class=\"yoast-schema-graph\">{\"@context\":\"https:\/\/schema.org\",\"@graph\":[{\"@type\":\"WebSite\",\"@id\":\"https:\/\/ca2e-sport.com\/#website\",\"url\":\"https:\/\/ca2e-sport.com\/\",\"name\":\"CA2E-SPORT\",\"description\":\"\",\"potentialAction\":[{\"@type\":\"SearchAction\",\"target\":\"https:\/\/ca2e-sport.com\/?s={search_term_string}\",\"query-input\":\"required name=search_term_string\"}],\"inLanguage\":\"fr-FR\"},{\"@type\":\"ImageObject\",\"@id\":\"https:\/\/ca2e-sport.com\/index.php\/ca2e-sport\/#primaryimage\",\"inLanguage\":\"fr-FR\",\"url\":\"http:\/\/ca2e-sport.com\/wp-content\/uploads\/2021\/01\/website_logo_solid_background.png\"},{\"@type\":\"WebPage\",\"@id\":\"https:\/\/ca2e-sport.com\/index.php\/ca2e-sport\/#webpage\",\"url\":\"https:\/\/ca2e-sport.com\/index.php\/ca2e-sport\/\",\"name\":\"CA2E-Sport - CA2E-SPORT\",\"isPartOf\":{\"@id\":\"https:\/\/ca2e-sport.com\/#website\"},\"primaryImageOfPage\":{\"@id\":\"https:\/\/ca2e-sport.com\/index.php\/ca2e-sport\/#primaryimage\"},\"datePublished\":\"2021-01-29T20:52:45+00:00\",\"dateModified\":\"2021-04-14T11:06:06+00:00\",\"inLanguage\":\"fr-FR\",\"potentialAction\":[{\"@type\":\"ReadAction\",\"target\":[\"https:\/\/ca2e-sport.com\/index.php\/ca2e-sport\/\"]}]}]}<\/script>\n<!-- \/ Yoast SEO plugin. -->","_links":{"self":[{"href":"https:\/\/ca2e-sport.com\/index.php\/wp-json\/wp\/v2\/pages\/312"}],"collection":[{"href":"https:\/\/ca2e-sport.com\/index.php\/wp-json\/wp\/v2\/pages"}],"about":[{"href":"https:\/\/ca2e-sport.com\/index.php\/wp-json\/wp\/v2\/types\/page"}],"author":[{"embeddable":true,"href":"https:\/\/ca2e-sport.com\/index.php\/wp-json\/wp\/v2\/users\/1"}],"replies":[{"embeddable":true,"href":"https:\/\/ca2e-sport.com\/index.php\/wp-json\/wp\/v2\/comments?post=312"}],"version-history":[{"count":53,"href":"https:\/\/ca2e-sport.com\/index.php\/wp-json\/wp\/v2\/pages\/312\/revisions"}],"predecessor-version":[{"id":1858,"href":"https:\/\/ca2e-sport.com\/index.php\/wp-json\/wp\/v2\/pages\/312\/revisions\/1858"}],"wp:attachment":[{"href":"https:\/\/ca2e-sport.com\/index.php\/wp-json\/wp\/v2\/media?parent=312"}],"curies":[{"name":"wp","href":"https:\/\/api.w.org\/{rel}","templated":true}]}}