{"id":511,"date":"2021-02-02T16:16:49","date_gmt":"2021-02-02T15:16:49","guid":{"rendered":"http:\/\/ca2e-sport.com\/?page_id=511"},"modified":"2021-02-28T14:46:12","modified_gmt":"2021-02-28T13:46:12","slug":"sportech-3","status":"publish","type":"page","link":"https:\/\/ca2e-sport.com\/index.php\/sportech-3\/","title":{"rendered":"Sportic"},"content":{"rendered":"\t\t<div data-elementor-type=\"wp-page\" data-elementor-id=\"511\" class=\"elementor elementor-511\" data-elementor-settings=\"[]\">\n\t\t\t\t\t\t\t<div class=\"elementor-section-wrap\">\n\t\t\t\t\t\t\t<section class=\"elementor-section elementor-top-section elementor-element elementor-element-5582dc3 elementor-section-boxed elementor-section-height-default elementor-section-height-default\" data-id=\"5582dc3\" data-element_type=\"section\">\n\t\t\t\t\t\t<div class=\"elementor-container elementor-column-gap-default\">\n\t\t\t\t\t<div class=\"elementor-column elementor-col-100 elementor-top-column elementor-element elementor-element-7ea6fc1\" data-id=\"7ea6fc1\" data-element_type=\"column\">\n\t\t\t<div class=\"elementor-widget-wrap elementor-element-populated\">\n\t\t\t\t\t\t\t\t<div class=\"elementor-element elementor-element-0b5be96 elementor-widget elementor-widget-text-editor\" data-id=\"0b5be96\" data-element_type=\"widget\" data-widget_type=\"text-editor.default\">\n\t\t\t\t<div class=\"elementor-widget-container\">\n\t\t\t\t\t<div class=\"elementor-text-editor elementor-clearfix\"><!DOCTYPE html>\n<html>\n<title><\/title>\n<meta charset=\"UTF-8\">\n<meta name=\"viewport\" content=\"width=device-width, initial-scale=1\">\n<link rel=\"stylesheet\" href=\"https:\/\/www.w3schools.com\/w3css\/4\/w3.css\">\n<style>\nbody {font-family: \"Times New Roman\", Georgia, Serif;}\nh1, h2, h3, h4, h5, h6 {\n  font-family: \"Playfair Display\";\n  letter-spacing: 5px;\n}\n<\/style>\n<body>\n\n\n<!-- Page content -->\n<div class=\"w3-content\" style=\"max-width:1100px\">\n\n  <!-- About Section -->\n  <div class=\"w3-row w3-padding-64\" id=\"about\">\n    <div class=\"w3-col m6 w3-padding-large w3-hide-small\">\n     \n\t  <img loading=\"lazy\" src=\"https:\/\/ca2e-sport.com\/wp-content\/uploads\/2021\/02\/IMG_20210226_113819-scaled.jpg\" class=\"w3-round w3-image w3-opacity-min\" alt=\"Table Setting\" width=\"600\" height=\"750\"><br>\n    <\/div>\n\n    <div class=\"w3-col m6 w3-padding-large\">\n      <h1 class=\"w3-center\">Sportic<\/h1><br>\n      <h5 class=\"w3-center\"><\/h5>\n      <p class=\"w3-large\">CA2E-Sport d\u00e9veloppe des applications de gestion et de quantification, \n\t  d&#8217;analyse de donn\u00e9es et d&#8217;exp\u00e9riences spectateurs solutions internet pour r\u00e9pondre \u00e0 toutes demandes: <br>\n\t  -Le d\u00e9veloppement d&#8217;applications mobiles pour les organistions sportives;<br>\n\t  -contr\u00f4le d&#8217;acc\u00e8s;<br>\n    -Big Data sport; <br> \n    &#8211; Applications mobiles pour la gestion des fans;  <br> \n    \n\t  <\/p>\n      <p class=\"w3-large w3-text-grey w3-hide-medium\"><\/p>\n    <\/div>\n  <\/div>\n  \n  \n  \n  \n\n  \n  \n<!-- End page content -->\n<\/div>\n\n\n\n<\/body>\n<\/html>\n<\/div>\n\t\t\t\t<\/div>\n\t\t\t\t<\/div>\n\t\t\t\t\t<\/div>\n\t\t<\/div>\n\t\t\t\t\t\t\t<\/div>\n\t\t<\/section>\n\t\t\t\t\t\t<\/div>\n\t\t\t\t\t<\/div>\n\t\t","protected":false},"excerpt":{"rendered":"<p>Sportic CA2E-Sport d\u00e9veloppe des applications de gestion et de quantification, d&#8217;analyse de donn\u00e9es et d&#8217;exp\u00e9riences spectateurs solutions internet pour r\u00e9pondre \u00e0 toutes demandes: -Le d\u00e9veloppement d&#8217;applications mobiles pour les organistions sportives; -contr\u00f4le d&#8217;acc\u00e8s; -Big Data sport; &#8211; Applications mobiles pour la gestion des fans;<\/p>\n","protected":false},"author":1,"featured_media":0,"parent":0,"menu_order":0,"comment_status":"closed","ping_status":"closed","template":"","meta":[],"yoast_head":"<!-- This site is optimized with the Yoast SEO plugin v15.6.2 - https:\/\/yoast.com\/wordpress\/plugins\/seo\/ -->\n<title>Sportic - CA2E-SPORT<\/title>\n<meta name=\"robots\" content=\"index, follow, max-snippet:-1, max-image-preview:large, max-video-preview:-1\" \/>\n<link rel=\"canonical\" href=\"https:\/\/ca2e-sport.com\/index.php\/sportech-3\/\" \/>\n<meta property=\"og:locale\" content=\"fr_FR\" \/>\n<meta property=\"og:type\" content=\"article\" \/>\n<meta property=\"og:title\" content=\"Sportic - CA2E-SPORT\" \/>\n<meta property=\"og:description\" content=\"Sportic CA2E-Sport d\u00e9veloppe des applications de gestion et de quantification, d&#8217;analyse de donn\u00e9es et d&#8217;exp\u00e9riences spectateurs solutions internet pour r\u00e9pondre \u00e0 toutes demandes: -Le d\u00e9veloppement d&#8217;applications mobiles pour les organistions sportives; -contr\u00f4le d&#8217;acc\u00e8s; -Big Data sport; &#8211; Applications mobiles pour la gestion des fans;\" \/>\n<meta property=\"og:url\" content=\"https:\/\/ca2e-sport.com\/index.php\/sportech-3\/\" \/>\n<meta property=\"og:site_name\" content=\"CA2E-SPORT\" \/>\n<meta property=\"article:modified_time\" content=\"2021-02-28T13:46:12+00:00\" \/>\n<meta property=\"og:image\" content=\"http:\/\/ca2e-sport.com\/wp-content\/uploads\/2021\/02\/IMG_20210226_113819-scaled.jpg\" \/>\n<meta name=\"twitter:card\" content=\"summary_large_image\" \/>\n<meta name=\"twitter:label1\" content=\"Dur\u00e9e de lecture est.\">\n\t<meta name=\"twitter:data1\" content=\"1 minute\">\n<script type=\"application\/ld+json\" class=\"yoast-schema-graph\">{\"@context\":\"https:\/\/schema.org\",\"@graph\":[{\"@type\":\"WebSite\",\"@id\":\"https:\/\/ca2e-sport.com\/#website\",\"url\":\"https:\/\/ca2e-sport.com\/\",\"name\":\"CA2E-SPORT\",\"description\":\"\",\"potentialAction\":[{\"@type\":\"SearchAction\",\"target\":\"https:\/\/ca2e-sport.com\/?s={search_term_string}\",\"query-input\":\"required name=search_term_string\"}],\"inLanguage\":\"fr-FR\"},{\"@type\":\"ImageObject\",\"@id\":\"https:\/\/ca2e-sport.com\/index.php\/sportech-3\/#primaryimage\",\"inLanguage\":\"fr-FR\",\"url\":\"http:\/\/ca2e-sport.com\/wp-content\/uploads\/2021\/02\/IMG_20210226_113819-scaled.jpg\"},{\"@type\":\"WebPage\",\"@id\":\"https:\/\/ca2e-sport.com\/index.php\/sportech-3\/#webpage\",\"url\":\"https:\/\/ca2e-sport.com\/index.php\/sportech-3\/\",\"name\":\"Sportic - CA2E-SPORT\",\"isPartOf\":{\"@id\":\"https:\/\/ca2e-sport.com\/#website\"},\"primaryImageOfPage\":{\"@id\":\"https:\/\/ca2e-sport.com\/index.php\/sportech-3\/#primaryimage\"},\"datePublished\":\"2021-02-02T15:16:49+00:00\",\"dateModified\":\"2021-02-28T13:46:12+00:00\",\"inLanguage\":\"fr-FR\",\"potentialAction\":[{\"@type\":\"ReadAction\",\"target\":[\"https:\/\/ca2e-sport.com\/index.php\/sportech-3\/\"]}]}]}<\/script>\n<!-- \/ Yoast SEO plugin. -->","_links":{"self":[{"href":"https:\/\/ca2e-sport.com\/index.php\/wp-json\/wp\/v2\/pages\/511"}],"collection":[{"href":"https:\/\/ca2e-sport.com\/index.php\/wp-json\/wp\/v2\/pages"}],"about":[{"href":"https:\/\/ca2e-sport.com\/index.php\/wp-json\/wp\/v2\/types\/page"}],"author":[{"embeddable":true,"href":"https:\/\/ca2e-sport.com\/index.php\/wp-json\/wp\/v2\/users\/1"}],"replies":[{"embeddable":true,"href":"https:\/\/ca2e-sport.com\/index.php\/wp-json\/wp\/v2\/comments?post=511"}],"version-history":[{"count":17,"href":"https:\/\/ca2e-sport.com\/index.php\/wp-json\/wp\/v2\/pages\/511\/revisions"}],"predecessor-version":[{"id":1026,"href":"https:\/\/ca2e-sport.com\/index.php\/wp-json\/wp\/v2\/pages\/511\/revisions\/1026"}],"wp:attachment":[{"href":"https:\/\/ca2e-sport.com\/index.php\/wp-json\/wp\/v2\/media?parent=511"}],"curies":[{"name":"wp","href":"https:\/\/api.w.org\/{rel}","templated":true}]}}