{"id":519,"date":"2021-02-02T16:39:23","date_gmt":"2021-02-02T15:39:23","guid":{"rendered":"http:\/\/ca2e-sport.com\/?page_id=519"},"modified":"2021-02-25T13:39:04","modified_gmt":"2021-02-25T12:39:04","slug":"workplace-gym","status":"publish","type":"page","link":"https:\/\/ca2e-sport.com\/index.php\/workplace-gym\/","title":{"rendered":"Gym &#038; job"},"content":{"rendered":"\t\t<div data-elementor-type=\"wp-page\" data-elementor-id=\"519\" class=\"elementor elementor-519\" data-elementor-settings=\"[]\">\n\t\t\t\t\t\t\t<div class=\"elementor-section-wrap\">\n\t\t\t\t\t\t\t<section class=\"elementor-section elementor-top-section elementor-element elementor-element-fce7bf0 elementor-section-boxed elementor-section-height-default elementor-section-height-default\" data-id=\"fce7bf0\" data-element_type=\"section\">\n\t\t\t\t\t\t<div class=\"elementor-container elementor-column-gap-default\">\n\t\t\t\t\t<div class=\"elementor-column elementor-col-100 elementor-top-column elementor-element elementor-element-63a4abf\" data-id=\"63a4abf\" data-element_type=\"column\">\n\t\t\t<div class=\"elementor-widget-wrap elementor-element-populated\">\n\t\t\t\t\t\t\t\t<div class=\"elementor-element elementor-element-0dd68b1 elementor-widget elementor-widget-text-editor\" data-id=\"0dd68b1\" data-element_type=\"widget\" data-widget_type=\"text-editor.default\">\n\t\t\t\t<div class=\"elementor-widget-container\">\n\t\t\t\t\t<div class=\"elementor-text-editor elementor-clearfix\"><!DOCTYPE html>\n<html>\n<title><\/title>\n<meta charset=\"UTF-8\">\n<meta name=\"viewport\" content=\"width=device-width, initial-scale=1\">\n<link rel=\"stylesheet\" href=\"https:\/\/www.w3schools.com\/w3css\/4\/w3.css\">\n<style>\nbody {font-family: \"Times New Roman\", Georgia, Serif;}\nh1, h2, h3, h4, h5, h6 {\n  font-family: \"Playfair Display\";\n  letter-spacing: 5px;\n}\n<\/style>\n<body>\n\n\n<!-- Page content -->\n<div class=\"w3-content\" style=\"max-width:1100px\">\n\n  <!-- About Section -->\n  <div class=\"w3-row w3-padding-64\" id=\"about\">\n    <div class=\"w3-col m6 w3-padding-large w3-hide-small\">\n       \n\t   <img loading=\"lazy\" src=\"https:\/\/ca2e-sport.com\/wp-content\/uploads\/2021\/02\/we.jpg\" class=\"w3-round w3-image w3-opacity-min\" alt=\"Table Setting\" width=\"600\" height=\"750\">\n    <\/div>\n\n    <div class=\"w3-col m6 w3-padding-large\">\n      <h3 class=\"w3-center\">Gym &#038; Job ou sport en entreprise<\/h3><br>\n      <h5 class=\"w3-center\"><\/h5>\n      <p class=\"w3-large\"> CA2E-Sport d\u00e9veloppe son programme de remise en forme \u00e0 l\u2019endroit des entreprises\n         et autres organisations professionnelles afin de leur apporter tout son savoir-faire et son exp\u00e9rience.\n\t    CA2E-Sport propose \u00e0 l\u2019entreprise des services sur-mesure : coaching, animation, r\u00e9alisation d\u2019espace forme,\n       \u00e9v\u00e9nementiel, s\u00e9minaire et ateliers team building \u2026\n      Les coachs du CA2E-Sport sauront mettre toutes leurs  comp\u00e9tences au service\n         du personnel afin de leur proposer un accompagnement de qualit\u00e9.    <\/p>\n    <\/div>\n  <\/div>\n  \n  <hr>\n  \n  <!-- Menu Section -->\n  <div class=\"w3-row w3-padding-64\" id=\"menu\">\n    <div class=\"w3-col l6 w3-padding-large\">\n      <h3 class=\"w3-center\">Des services sur-mesure <\/h3><br>\n      <h4>Coaching<\/h4>\n      <p class=\"w3-text-grey\"><\/p><br>\n    \n      <h4>Animation<\/h4>\n      <p class=\"w3-text-grey\"><\/p><br>\n    \n      <h4>R\u00e9alisation d\u2019espace forme<\/h4>\n      <p class=\"w3-text-grey\"><\/p><br>\n    \n      <h4>Ev\u00e9nementiel<\/h4>\n      <p class=\"w3-text-grey\"><\/p><br>\n    \n      <h4>S\u00e9minaires et ateliers team building<\/h4>\n      <p class=\"w3-text-grey\"><\/p>    \n    <\/div>\n    \n    <div class=\"w3-col l6 w3-padding-large\">\n\t<img src=\"https:\/\/ca2e-sport.com\/wp-content\/uploads\/2021\/02\/IMG_4385-scaled.jpg\" class=\"w3-round w3-image w3-opacity-min\" alt=\"Menu\" style=\"width:100%\">\n      \n    <\/div>\n  <\/div>\n\n  <hr>\n\n  \n  \n<!-- End page content -->\n<\/div>\n\n\n\n<\/body>\n<\/html>\n<\/div>\n\t\t\t\t<\/div>\n\t\t\t\t<\/div>\n\t\t\t\t\t<\/div>\n\t\t<\/div>\n\t\t\t\t\t\t\t<\/div>\n\t\t<\/section>\n\t\t\t\t\t\t<\/div>\n\t\t\t\t\t<\/div>\n\t\t","protected":false},"excerpt":{"rendered":"<p>Gym &amp; Job ou sport en entreprise CA2E-Sport d\u00e9veloppe son programme de remise en forme \u00e0 l\u2019endroit des entreprises et autres organisations professionnelles afin de leur apporter tout son savoir-faire et son exp\u00e9rience. CA2E-Sport propose \u00e0 l\u2019entreprise des services sur-mesure : coaching, animation, r\u00e9alisation d\u2019espace forme, \u00e9v\u00e9nementiel, s\u00e9minaire et ateliers team building \u2026 Les coachs&nbsp;&hellip;<\/p>\n","protected":false},"author":1,"featured_media":0,"parent":0,"menu_order":0,"comment_status":"closed","ping_status":"closed","template":"","meta":[],"yoast_head":"<!-- This site is optimized with the Yoast SEO plugin v15.6.2 - https:\/\/yoast.com\/wordpress\/plugins\/seo\/ -->\n<title>Gym &amp; job - CA2E-SPORT<\/title>\n<meta name=\"robots\" content=\"index, follow, max-snippet:-1, max-image-preview:large, max-video-preview:-1\" \/>\n<link rel=\"canonical\" href=\"https:\/\/ca2e-sport.com\/index.php\/workplace-gym\/\" \/>\n<meta property=\"og:locale\" content=\"fr_FR\" \/>\n<meta property=\"og:type\" content=\"article\" \/>\n<meta property=\"og:title\" content=\"Gym &amp; job - CA2E-SPORT\" \/>\n<meta property=\"og:description\" content=\"Gym &amp; Job ou sport en entreprise CA2E-Sport d\u00e9veloppe son programme de remise en forme \u00e0 l\u2019endroit des entreprises et autres organisations professionnelles afin de leur apporter tout son savoir-faire et son exp\u00e9rience. CA2E-Sport propose \u00e0 l\u2019entreprise des services sur-mesure : coaching, animation, r\u00e9alisation d\u2019espace forme, \u00e9v\u00e9nementiel, s\u00e9minaire et ateliers team building \u2026 Les coachs&nbsp;&hellip;\" \/>\n<meta property=\"og:url\" content=\"https:\/\/ca2e-sport.com\/index.php\/workplace-gym\/\" \/>\n<meta property=\"og:site_name\" content=\"CA2E-SPORT\" \/>\n<meta property=\"article:modified_time\" content=\"2021-02-25T12:39:04+00:00\" \/>\n<meta property=\"og:image\" content=\"http:\/\/ca2e-sport.com\/wp-content\/uploads\/2021\/02\/we.jpg\" \/>\n<meta name=\"twitter:card\" content=\"summary_large_image\" \/>\n<meta name=\"twitter:label1\" content=\"Dur\u00e9e de lecture est.\">\n\t<meta name=\"twitter:data1\" content=\"1 minute\">\n<script type=\"application\/ld+json\" class=\"yoast-schema-graph\">{\"@context\":\"https:\/\/schema.org\",\"@graph\":[{\"@type\":\"WebSite\",\"@id\":\"https:\/\/ca2e-sport.com\/#website\",\"url\":\"https:\/\/ca2e-sport.com\/\",\"name\":\"CA2E-SPORT\",\"description\":\"\",\"potentialAction\":[{\"@type\":\"SearchAction\",\"target\":\"https:\/\/ca2e-sport.com\/?s={search_term_string}\",\"query-input\":\"required name=search_term_string\"}],\"inLanguage\":\"fr-FR\"},{\"@type\":\"ImageObject\",\"@id\":\"https:\/\/ca2e-sport.com\/index.php\/workplace-gym\/#primaryimage\",\"inLanguage\":\"fr-FR\",\"url\":\"http:\/\/ca2e-sport.com\/wp-content\/uploads\/2021\/02\/we.jpg\"},{\"@type\":\"WebPage\",\"@id\":\"https:\/\/ca2e-sport.com\/index.php\/workplace-gym\/#webpage\",\"url\":\"https:\/\/ca2e-sport.com\/index.php\/workplace-gym\/\",\"name\":\"Gym & job - CA2E-SPORT\",\"isPartOf\":{\"@id\":\"https:\/\/ca2e-sport.com\/#website\"},\"primaryImageOfPage\":{\"@id\":\"https:\/\/ca2e-sport.com\/index.php\/workplace-gym\/#primaryimage\"},\"datePublished\":\"2021-02-02T15:39:23+00:00\",\"dateModified\":\"2021-02-25T12:39:04+00:00\",\"inLanguage\":\"fr-FR\",\"potentialAction\":[{\"@type\":\"ReadAction\",\"target\":[\"https:\/\/ca2e-sport.com\/index.php\/workplace-gym\/\"]}]}]}<\/script>\n<!-- \/ Yoast SEO plugin. -->","_links":{"self":[{"href":"https:\/\/ca2e-sport.com\/index.php\/wp-json\/wp\/v2\/pages\/519"}],"collection":[{"href":"https:\/\/ca2e-sport.com\/index.php\/wp-json\/wp\/v2\/pages"}],"about":[{"href":"https:\/\/ca2e-sport.com\/index.php\/wp-json\/wp\/v2\/types\/page"}],"author":[{"embeddable":true,"href":"https:\/\/ca2e-sport.com\/index.php\/wp-json\/wp\/v2\/users\/1"}],"replies":[{"embeddable":true,"href":"https:\/\/ca2e-sport.com\/index.php\/wp-json\/wp\/v2\/comments?post=519"}],"version-history":[{"count":17,"href":"https:\/\/ca2e-sport.com\/index.php\/wp-json\/wp\/v2\/pages\/519\/revisions"}],"predecessor-version":[{"id":889,"href":"https:\/\/ca2e-sport.com\/index.php\/wp-json\/wp\/v2\/pages\/519\/revisions\/889"}],"wp:attachment":[{"href":"https:\/\/ca2e-sport.com\/index.php\/wp-json\/wp\/v2\/media?parent=519"}],"curies":[{"name":"wp","href":"https:\/\/api.w.org\/{rel}","templated":true}]}}